{"id":121,"date":"2023-10-06T12:14:45","date_gmt":"2023-10-06T15:14:45","guid":{"rendered":"https:\/\/dbh.com.br\/website\/?page_id=121"},"modified":"2025-08-26T11:27:44","modified_gmt":"2025-08-26T14:27:44","slug":"home","status":"publish","type":"page","link":"https:\/\/dbh.com.br\/website\/","title":{"rendered":""},"content":{"rendered":"\n<p class=\"has-medium-font-size\"><strong><em><mark style=\"background-color:rgba(0, 0, 0, 0)\" class=\"has-inline-color has-vivid-red-color\">Bem Vindo a unidade Brasil<\/mark><\/em><\/strong><\/p>\n\n\n\n<p class=\"has-vivid-purple-color has-text-color has-link-color wp-elements-fdcae5a18308272a14618f0a6a00dc77\" style=\"font-size:26px\"><strong><em>Retentores e Suportes Cardan com Rolamentos<\/em><\/strong><\/p>\n\n\n\n<div class=\"wp-block-columns is-layout-flex wp-container-core-columns-is-layout-9d6595d7 wp-block-columns-is-layout-flex\">\n<div class=\"wp-block-column is-layout-flow wp-block-column-is-layout-flow\">\n<figure class=\"wp-block-video\"><video height=\"850\" style=\"aspect-ratio: 476 \/ 850;\" width=\"476\" autoplay controls muted preload=\"auto\" src=\"https:\/\/dbh.com.br\/website\/wp-content\/uploads\/2025\/08\/VID-20250825-WA0000-1.mp4\"><\/video><\/figure>\n<\/div>\n\n\n\n<div class=\"wp-block-column is-layout-flow wp-block-column-is-layout-flow\"><div class=\"wp-block-image\">\n<figure class=\"aligncenter size-full is-resized\"><img fetchpriority=\"high\" decoding=\"async\" width=\"692\" height=\"679\" src=\"https:\/\/dbh.com.br\/website\/wp-content\/uploads\/2025\/08\/img2.jpg\" alt=\"\" class=\"wp-image-669\" style=\"width:263px;height:auto\" srcset=\"https:\/\/dbh.com.br\/website\/wp-content\/uploads\/2025\/08\/img2.jpg 692w, https:\/\/dbh.com.br\/website\/wp-content\/uploads\/2025\/08\/img2-300x294.jpg 300w\" sizes=\"(max-width: 692px) 100vw, 692px\" \/><\/figure>\n<\/div>\n\n<div class=\"wp-block-image\">\n<figure class=\"aligncenter size-full is-resized\"><img decoding=\"async\" width=\"500\" height=\"400\" src=\"https:\/\/dbh.com.br\/website\/wp-content\/uploads\/2025\/02\/cardan.jpg\" alt=\"\" class=\"wp-image-646\" style=\"width:185px;height:auto\" srcset=\"https:\/\/dbh.com.br\/website\/wp-content\/uploads\/2025\/02\/cardan.jpg 500w, https:\/\/dbh.com.br\/website\/wp-content\/uploads\/2025\/02\/cardan-300x240.jpg 300w\" sizes=\"(max-width: 500px) 100vw, 500px\" \/><\/figure>\n<\/div>\n\n<div class=\"wp-block-image\">\n<figure class=\"aligncenter size-full is-resized\"><img decoding=\"async\" width=\"859\" height=\"856\" src=\"https:\/\/dbh.com.br\/website\/wp-content\/uploads\/2025\/08\/LOGO.jpg\" alt=\"\" class=\"wp-image-666\" style=\"width:284px;height:auto\" srcset=\"https:\/\/dbh.com.br\/website\/wp-content\/uploads\/2025\/08\/LOGO.jpg 859w, https:\/\/dbh.com.br\/website\/wp-content\/uploads\/2025\/08\/LOGO-300x300.jpg 300w, https:\/\/dbh.com.br\/website\/wp-content\/uploads\/2025\/08\/LOGO-150x150.jpg 150w, https:\/\/dbh.com.br\/website\/wp-content\/uploads\/2025\/08\/LOGO-768x765.jpg 768w\" sizes=\"(max-width: 859px) 100vw, 859px\" \/><\/figure>\n<\/div><\/div>\n<\/div>\n\n\n\n<p class=\"has-medium-font-size\"><strong><em><mark style=\"background-color:rgba(0, 0, 0, 0)\" class=\"has-inline-color has-black-color\">Desde 1986, fabricando pe\u00e7as para diversas aplica\u00e7\u00f5es<\/mark><\/em><\/strong><\/p>\n\n\n\n<h2 class=\"wp-block-heading has-medium-font-size\">Automotivo<\/h2>\n\n\n\n<p>Carros de passeio, caminh\u00f5es e \u00f4nibus<br>Linha completa para roda, motor, c\u00e2mbio e outras diversas aplica\u00e7\u00f5es.<\/p>\n\n\n\n<h2 class=\"wp-block-heading has-medium-font-size\">Agr\u00edcola<\/h2>\n\n\n\n<p>Tratores maquinas e equipamentos das diversas marcas.<br>Direcionados ao plantio e colheita.<\/p>\n\n\n\n<h2 class=\"wp-block-heading has-medium-font-size\">Linha Amarela e Hidr\u00e1ulicos<\/h2>\n\n\n\n<p>Tratores pesados, empilhadeiras, bombas, cilindros, compressores e hidr\u00e1ulicos em geral.<\/p>\n\n\n\n<h2 class=\"wp-block-heading has-medium-font-size\">Industrial<\/h2>\n\n\n\n<div class=\"wp-block-group is-layout-grid wp-container-core-group-is-layout-6be84c55 wp-block-group-is-layout-grid\">\n<figure class=\"wp-block-image size-full is-style-default wp-container-content-2155ee95\"><img loading=\"lazy\" decoding=\"async\" width=\"1852\" height=\"993\" src=\"https:\/\/dbh.com.br\/website\/wp-content\/uploads\/2023\/10\/00aa001.jpg\" alt=\"\" class=\"wp-image-135\" srcset=\"https:\/\/dbh.com.br\/website\/wp-content\/uploads\/2023\/10\/00aa001.jpg 1852w, https:\/\/dbh.com.br\/website\/wp-content\/uploads\/2023\/10\/00aa001-600x322.jpg 600w, https:\/\/dbh.com.br\/website\/wp-content\/uploads\/2023\/10\/00aa001-300x161.jpg 300w, https:\/\/dbh.com.br\/website\/wp-content\/uploads\/2023\/10\/00aa001-1024x549.jpg 1024w, https:\/\/dbh.com.br\/website\/wp-content\/uploads\/2023\/10\/00aa001-768x412.jpg 768w, https:\/\/dbh.com.br\/website\/wp-content\/uploads\/2023\/10\/00aa001-1536x824.jpg 1536w\" sizes=\"(max-width: 1852px) 100vw, 1852px\" \/><\/figure>\n\n\n\n<figure class=\"wp-block-image size-full\"><img loading=\"lazy\" decoding=\"async\" width=\"500\" height=\"321\" src=\"https:\/\/dbh.com.br\/website\/wp-content\/uploads\/2025\/02\/card1.webp\" alt=\"\" class=\"wp-image-649\" srcset=\"https:\/\/dbh.com.br\/website\/wp-content\/uploads\/2025\/02\/card1.webp 500w, https:\/\/dbh.com.br\/website\/wp-content\/uploads\/2025\/02\/card1-300x193.webp 300w\" sizes=\"(max-width: 500px) 100vw, 500px\" \/><\/figure>\n\n\n\n<figure class=\"wp-block-image size-full\"><img loading=\"lazy\" decoding=\"async\" width=\"500\" height=\"460\" src=\"https:\/\/dbh.com.br\/website\/wp-content\/uploads\/2025\/02\/cardan2.jpg\" alt=\"\" class=\"wp-image-650\" srcset=\"https:\/\/dbh.com.br\/website\/wp-content\/uploads\/2025\/02\/cardan2.jpg 500w, https:\/\/dbh.com.br\/website\/wp-content\/uploads\/2025\/02\/cardan2-300x276.jpg 300w\" sizes=\"(max-width: 500px) 100vw, 500px\" \/><\/figure>\n<\/div>\n\n\n\n<p><\/p>\n","protected":false},"excerpt":{"rendered":"<p>Bem Vindo a unidade Brasil Retentores e Suportes Cardan com Rolamentos Desde 1986, fabricando pe\u00e7as para diversas aplica\u00e7\u00f5es Automotivo Carros de passeio, caminh\u00f5es e \u00f4nibusLinha completa para roda, motor, c\u00e2mbio e outras diversas aplica\u00e7\u00f5es. Agr\u00edcola Tratores maquinas e equipamentos das diversas marcas.Direcionados ao plantio e colheita. Linha Amarela e Hidr\u00e1ulicos Tratores pesados, empilhadeiras, bombas, cilindros, [&hellip;]<\/p>\n","protected":false},"author":1,"featured_media":0,"parent":0,"menu_order":0,"comment_status":"closed","ping_status":"closed","template":"","meta":{"footnotes":""},"class_list":["post-121","page","type-page","status-publish","hentry"],"_links":{"self":[{"href":"https:\/\/dbh.com.br\/website\/index.php\/wp-json\/wp\/v2\/pages\/121","targetHints":{"allow":["GET"]}}],"collection":[{"href":"https:\/\/dbh.com.br\/website\/index.php\/wp-json\/wp\/v2\/pages"}],"about":[{"href":"https:\/\/dbh.com.br\/website\/index.php\/wp-json\/wp\/v2\/types\/page"}],"author":[{"embeddable":true,"href":"https:\/\/dbh.com.br\/website\/index.php\/wp-json\/wp\/v2\/users\/1"}],"replies":[{"embeddable":true,"href":"https:\/\/dbh.com.br\/website\/index.php\/wp-json\/wp\/v2\/comments?post=121"}],"version-history":[{"count":70,"href":"https:\/\/dbh.com.br\/website\/index.php\/wp-json\/wp\/v2\/pages\/121\/revisions"}],"predecessor-version":[{"id":670,"href":"https:\/\/dbh.com.br\/website\/index.php\/wp-json\/wp\/v2\/pages\/121\/revisions\/670"}],"wp:attachment":[{"href":"https:\/\/dbh.com.br\/website\/index.php\/wp-json\/wp\/v2\/media?parent=121"}],"curies":[{"name":"wp","href":"https:\/\/api.w.org\/{rel}","templated":true}]}}