{"id":460,"date":"2023-10-12T11:36:04","date_gmt":"2023-10-12T14:36:04","guid":{"rendered":"https:\/\/dbh.com.br\/website\/?page_id=460"},"modified":"2024-09-04T10:45:51","modified_gmt":"2024-09-04T13:45:51","slug":"onde-comprar","status":"publish","type":"page","link":"https:\/\/dbh.com.br\/website\/index.php\/onde-comprar\/","title":{"rendered":"Como Comprar"},"content":{"rendered":"\n<p><\/p>\n\n\n\n<p><\/p>\n\n\n\n<div style=\"height:100px\" aria-hidden=\"true\" class=\"wp-block-spacer\"><\/div>\n\n\n\n<p><\/p>\n\n\n\n<p class=\"has-small-font-size\">Somos fabricante atacadista. Temos pol\u00edtica de vendas com valor m\u00ednimo exigido.<\/p>\n\n\n\n<p class=\"has-vivid-cyan-blue-color has-text-color has-small-font-size\">Se voc\u00ea busca pe\u00e7as para <strong>manuten\u00e7\u00e3o pr\u00f3pria<\/strong> ou <strong>revenda \u00fanica ao consumidor<\/strong>:<\/p>\n\n\n\n<p>Entre em contato conosco via email ou telefone,  informe sua regi\u00e3o e lhe indicaremos um distribuidor mais pr\u00f3ximo a voc\u00ea.<\/p>\n\n\n\n<hr class=\"wp-block-separator has-alpha-channel-opacity is-style-dots\"\/>\n\n\n\n<p class=\"has-vivid-cyan-blue-color has-text-color has-link-color has-small-font-size wp-elements-4cc8c8a0464e65d3c0d88668eca3143f\">Se sua empresa \u00e9 revendedora e gostaria de comercilizar nossos produtos mantendo estoque para pronto atendimento a seu cliente em seu estabelecimento:<\/p>\n\n\n\n<p>Estamos prontos a atende-lo disponibilizando todos os itens de nosso cat\u00e1logo a pronta entrega no Brasil.  Contate-nos e conhe\u00e7a nossa pol\u00edtica comercial.<\/p>\n\n\n\n<div style=\"height:100px\" aria-hidden=\"true\" class=\"wp-block-spacer\"><\/div>\n\n\n\n<p class=\"has-luminous-vivid-orange-color has-text-color has-link-color has-small-font-size wp-elements-e81334000f2de3609e10064f1edca973\"><strong>Telefone SP : 11 &#8211; 2640-3600      &#8211; &#8211; &#8211;        Email: dbhbrasil@dbhbrasil.com.br<\/strong><\/p>\n","protected":false},"excerpt":{"rendered":"<p>Somos fabricante atacadista. Temos pol\u00edtica de vendas com valor m\u00ednimo exigido. Se voc\u00ea busca pe\u00e7as para manuten\u00e7\u00e3o pr\u00f3pria ou revenda \u00fanica ao consumidor: Entre em contato conosco via email ou telefone, informe sua regi\u00e3o e lhe indicaremos um distribuidor mais pr\u00f3ximo a voc\u00ea. Se sua empresa \u00e9 revendedora e gostaria de comercilizar nossos produtos mantendo [&hellip;]<\/p>\n","protected":false},"author":1,"featured_media":0,"parent":0,"menu_order":0,"comment_status":"closed","ping_status":"closed","template":"","meta":{"footnotes":""},"class_list":["post-460","page","type-page","status-publish","hentry"],"_links":{"self":[{"href":"https:\/\/dbh.com.br\/website\/index.php\/wp-json\/wp\/v2\/pages\/460","targetHints":{"allow":["GET"]}}],"collection":[{"href":"https:\/\/dbh.com.br\/website\/index.php\/wp-json\/wp\/v2\/pages"}],"about":[{"href":"https:\/\/dbh.com.br\/website\/index.php\/wp-json\/wp\/v2\/types\/page"}],"author":[{"embeddable":true,"href":"https:\/\/dbh.com.br\/website\/index.php\/wp-json\/wp\/v2\/users\/1"}],"replies":[{"embeddable":true,"href":"https:\/\/dbh.com.br\/website\/index.php\/wp-json\/wp\/v2\/comments?post=460"}],"version-history":[{"count":16,"href":"https:\/\/dbh.com.br\/website\/index.php\/wp-json\/wp\/v2\/pages\/460\/revisions"}],"predecessor-version":[{"id":639,"href":"https:\/\/dbh.com.br\/website\/index.php\/wp-json\/wp\/v2\/pages\/460\/revisions\/639"}],"wp:attachment":[{"href":"https:\/\/dbh.com.br\/website\/index.php\/wp-json\/wp\/v2\/media?parent=460"}],"curies":[{"name":"wp","href":"https:\/\/api.w.org\/{rel}","templated":true}]}}